2
Let i(b) = -6*b**2 + 61*b + 906. What is i(0)?
906
Let t(h) = 23*h**3 - 1197*h**2 + 46*h + 120. Calculate t(52).
-192
Let u(m) = -7*m**3 + 22*m**2 + 4788*m - 28008. Give u(6).
0
Let l(v) = -701*v + 140926. Give l(201).
25
Let j(s) = 2*s**2 - 383*s - 56355. Calculate j(289).
0
Let a(j) = -j**3 - 91*j**2 - 1639*j + 793. Calculate a(-66).
67
Let v(c) = 14*c**2 + 342*c - 34. What is v(-23)?
-494
Let d(h) = -131408*h + 35348733. Give d(269).
-19
Let g(h) = 5*h**2 + 120*h + 188. Determine g(-27).
593
Let n(s) = -7*s**2 - 687*s - 1371. Give n(-2).
-25
Let s(b) = 2*b**3 + 146*b**2 - 1486*b - 790. Determine s(-82).
30
Let t(c) = 1447*c**2 - 10036*c - 610. What is t(7)?
41
Let m(o) = -167751*o + 335482. Determine m(2).
-20
Let t(k) = 3*k**3 + 270*k**2 - 458*k - 41222. Calculate t(-90).
-2
Let a(x) = 11*x**2 + 7535*x - 7539. Determine a(-686).
7
Let q(g) = 11214*g + 2074376. What is q(-185)?
-214
Let g(l) = 4*l**2 + 527*l - 1852. What is g(-135)?
-97
Let q(y) = y**2 - 1404*y + 90855. Give q(68).
7
Let l(p) = -2126*p**2 - 78681*p - 751. Calculate l(-37).
-48
Let b(j) = -113*j**2 - 1935*j - 84. What is b(-17)?
154
Let c(x) = -x**3 + 10*x**2 + 58*x + 274. Give c(-8).
962
Let s(p) = 2*p**2 - 6253*p + 4472975. Determine s(1108).
-21
Let x(s) = 6*s**2 - 634*s - 8382. Give x(-12).
90
Let x(o) = -47*o**3 - 416*o**2 + 8*o - 115. Determine x(-10).
5205
Let y(u) = 9*u**2 + 1341*u + 1350. What is y(-148)?
18
Let r(g) = 3*g**2 + 288*g + 5485. Calculate r(-70).
25
Let x(z) = 6*z**3 - 64*z**2 - 55*z + 25. Determine x(11).
-338
Let b(y) = -551*y + 5738. What is b(7)?
1881
Let g(d) = -139*d - 5065. Determine g(-47).
1468
Let r(p) = 94584*p - 472828. What is r(5)?
92
Let q(o) = 7*o + 993. What is q(-105)?
258
Let z(s) = -7*s**3 + 129*s**2 + 206*s + 224. What is z(20)?
-56
Let s(l) = -9*l**3 + 250*l**2 + 16*l + 1127. Give s(28).
7
Let m(j) = 9*j**2 + 9985*j - 9984. What is m(1)?
10
Let m(g) = -245159*g + 9. Calculate m(0).
9
Let q(a) = a**3 + 10*a**2 + 348*a + 9502. Determine q(-23).
-5379
Let t(a) = -120885*a**2 + 846194*a - 9. What is t(7)?
-16
Let x(p) = -571*p**2 - 61097*p - 71. What is x(-107)?
-71
Let x(o) = -9*o**3 - 83*o**2 - 1068*o - 13675. What is x(-11)?
9
Let y(w) = w**2 - 330*w + 26833. Give y(144).
49
Let h(w) = 122*w + 15790. Determine h(-157).
-3364
Let k(p) = -p**3 + 36*p**2 - 658*p + 23686. Give k(36).
-2
Let y(s) = 2*s**3 + 78*s**2 - 127*s - 4983. Determine y(-39).
-30
Let z(o) = -170*o**3 - 15*o**2 - 32*o + 49. Give z(1).
-168
Let c(i) = 741*i**2 + 28158*i + 28. Give c(-38).
28
Let a(c) = c**2 + 4585*c + 513665. What is a(-115)?
-385
Let i(r) = -3218*r + 44061. What is i(14)?
-991
Let z(q) = 6*q**2 - 96*q + 801. Give z(18).
1017
Let u(x) = -49*x**2 - 322*x - 560. Calculate u(-2).
-112
Let f(n) = 2*n**3 - 71*n**2 - 198*n + 8153. Give f(35).
-2
Let p(b) = 37*b**3 - 1108*b**2 - 121*b + 1815. Determine p(30).
-15
Let x(i) = 20*i + 393. Calculate x(-44).
-487
Let b(n) = 3*n**3 + 103*n**2 - 210*n. What is b(2)?
16
Let n(w) = 141451*w - 282771. Calculate n(2).
131
Let c(q) = q**2 - 169*q - 2889. Determine c(-19).
683
Let r(o) = 1141*o - 292055. Determine r(256).
41
Let x(c) = -5*c**3 + 50*c**2 + 372*c - 2340. Give x(13).
-39
Let u(j) = -j**3 - 2*j**2 - 39*j + 360. Give u(5).
-10
Let m(g) = g**2 + 19*g + 653. Calculate m(-23).
745
Let x(h) = -13*h**2 - 161*h + 531. Calculate x(-15).
21
Let x(k) = -139*k + 10221. What is x(65)?
1186
Let o(s) = 5*s**3 + 202*s**2 + 250*s + 510. Calculate o(-39).
1407
Let z(y) = -y**3 + 1061*y**2 + 6401*y + 24. Determine z(-6).
30
Let j(k) = k**2 - 7980*k + 881212. Calculate j(112).
-4
Let q(s) = -1453*s + 765717. Give q(527).
-14
Let b(h) = 19*h**2 + 7471*h - 13398. What is b(-395)?
32
Let v(s) = -7*s**2 + 1150*s - 14058. Calculate v(13).
-291
Let p(x) = -27*x**2 - 675*x + 54. Give p(-25).
54
Let d(t) = -t**2 + 14784*t + 59154. Calculate d(-4).
2
Let s(w) = 31*w**2 + 157*w - 8. Determine s(-5).
-18
Let k(g) = 417*g + 91352. What is k(-214)?
2114
Let o(q) = -49*q**3 + 614*q**2 + 298*q + 20. Give o(13).
7
Let p(f) = -2061*f + 10464. Give p(5).
159
Let g(l) = -4*l**3 - 740*l**2 - 1463*l + 370. Calculate g(-183).
187
Let l(c) = 32*c**2 - 1437*c - 52919. Calculate l(-24).
1
Let v(k) = k**3 - 217*k**2 + 1275*k - 648. What is v(211)?
1251
Let p(x) = 10570*x + 73998. Calculate p(-7).
8
Let p(h) = -2*h**2 - 1606*h + 51. Calculate p(0).
51
Let r(t) = 3*t**2 + 148*t + 2352. Give r(-41).
1327
Let b(s) = 270*s - 98435. Determine b(366).
385
Let g(o) = 387*o - 64653. Calculate g(166).
-411
Let c(r) = r**3 - 176*r**2 + 1657*r + 34. Calculate c(10).
4
Let m(b) = 859*b**2 + 1729*b + 21. Calculate m(-2).
-1
Let c(r) = 5*r**3 + 379*r**2 + 301*r + 435. What is c(-75)?
360
Let l(n) = -n**3 + 51*n**2 + 709*n + 357. Give l(-11).
60
Let k(w) = 3*w**2 - 31867*w + 254881. What is k(8)?
137
Let a(c) = 2*c**3 + 4487*c**2 - 17919*c - 246. Give a(4).
-2
Let b(r) = 2*r**3 - 18*r**2 - 46*r - 308. What is b(12)?
4
Let n(l) = -l**3 + 123*l**2 - 497*l + 2502. Calculate n(119).
3
Let l(g) = -g**3 + 3*g**2 + 507*g - 2969. Give l(6).
-35
Let g(s) = -435011*s + 3915021. Give g(9).
-78
Let u(z) = 24*z**2 + 533*z - 2733. Determine u(5).
532
Let l(b) = 2442*b + 1052412. Give l(-431).
-90
Let p(i) = -113*i - 1382. Determine p(14).
-2964
Let r(h) = h**2 + 146*h - 52753. Give r(168).
-1
Let q(g) = 43*g**3 + 1508*g**2 - 7*g + 176. What is q(-35)?
4096
Let w(p) = -4036*p**2 - 45*p + 50. What is w(1)?
-4031
Let v(n) = -4090*n - 65976. Determine v(-16).
-536
Let g(d) = -d**3 + 1264*d**2 - 3286*d + 961652. Calculate g(1262).
8
Let p(m) = 252*m**2 - 14123*m + 113. Give p(56).
-503
Let h(u) = 37*u**2 - 6*u + 30. Give h(-2).
190
Let d(o) = -69510*o - 139464. Determine d(-2).
-444
Let r(n) = n**2 - 1297*n + 88136. What is r(72)?
-64
Let i(l) = 5418*l + 6859169. What is i(-1266)?
-19
Let k(y) = 268204*y + 5900489. Determine k(-22).
1
Let y(n) = 11056*n - 188088. Give y(17).
-136
Let n(o) = 461*o**2 + 8775*o + 112. Determine n(-19).
-192
Let o(k) = 287836*k - 1151460. Calculate o(4).
-116
Let f(n) = 498*n - 14674. Determine f(30).
266
Let l(f) = -f**3 - 28*f**2 - 669*f - 17761. What is l(-27)?
-427
Let n(i) = 4981*i**2 - 29871*i - 74. What is n(6)?
16
Let d(h) = -3120*h + 68837. Calculate d(22).
197
Let x(g) = g**3 + 22*g**2 - 47*g - 134. Calculate x(-24).
-158
Let w(d) = -d**2 - 120*d - 1291. What is w(-21)?
788
Let f(z) = 6873*z - 23465. What is f(4)?
4027
Let b(t) = 6446*t + 77348. Give b(-12).
-4
Let y(h) = -h**3 - 66*h**2 - 398*h + 118. Give y(-7).
13
Let t(c) = 18*c**3 + 269*c**2 - 30*c - 202. Calculate t(-15).
23
Let z(s) = 2*s**2 + 822*s - 9407. Calculate z(11).
-123
Let a(n) = n**3 + 5*n**2 - 4246*n + 11. Determine a(0).
11
Let g(y) = -59143*y - 7629467. Determine g(-129).
-20
Let v(u) = -75*u**3 + 148*u + 307. Give v(-2).
611
Let i(x) = -6*x**3 + 64*x**2 - 93*x - 14. Calculate i(9).
-41
Let z(b) = 645*b - 72224. Determine z(112).
16
Let b(l) = -6*l**3 + 103*l**2 + 153*l - 1128. What is b(18)?
6
Let b(n) = -15721*n - 62875. Give b(-4).
9
Let w(u) = u**2 - 798128*u - 2394401. What is w(-3)?
-8
Let s(d) = 1277*d - 249325. Give s(195).
-310
Let c(k) = -66*k**2 - 24*k + 51. Calculate c(2).
-261
Let o(c) = -2*c**3 - 25*c**2 + 17*c + 1075. Give o(-11).
525
Let f(m) = 4*m**2 - 974*m - 160233. Calculate f(356).
-33
Let j(g) = g**3 - 19*g**2 + 12*g + 115. What is j(19)?
343
Let a(i) = -136*i + 2914. Calculate a(14).
1010
Let m(b) = 15*b**2 + 112*b - 16378. Give m(-37).
13
Let x(k) = -5040*k + 141094. What is x(28)?
-26
Let i(q) = -162041*q - 3078781. Give i(-19).
-2
Let k(x) = 3*x**2 + 17*x - 2841. Determine k(0).
-2841
Let j(v) = 18591*v + 948126. Give j(-51).
-15
Let o(b) = -2*b**2 + 52*b + 1270. Calculate o(-26).
-1434
Let p(q) = 194*q - 226. What is p(0)?
-226
Let k(z) = z**3 + 78*z**2 + 287*z - 730. Give k(-74).
-64
Let d(u) = 211*u**2 + 17103*u + 971. Determine d(-81).
-1
Let d(t) = -3128*t + 71550. Calculate d(24).
-3522
Let l(j) = 347*j**2 - 1015*j + 9. Calculate l(3).
87
Let s(j) = j**2 - 728*j - 13354. Calculate s(-18).
74
Let u(r) = -33692*r - 337068. Calculate u(-10).
-148
Let i(h) = -5*h**3 + 167*h**2 + 38*h - 198. Calculate i(33).
3234
Let m(f) = 3372*f - 80945. Calculate m(24).
-17
Let f(t) = -t**3 + 34*t**2 + 55477*t - 1613035. Give f(29).
3
Let r(c) = 46*c**2 - 